 Calculate the greatest common divisor of 18 and s.
6
Let a(p) = 44*p**2 + 28*p + 28. Let r be a(-1). Let s(m) = -m**3 + m**2 + 2*m + 3. Let o be s(-2). Calculate the highest common divisor of o and r.
11
Let z = 2093 - 1532. What is the greatest common factor of 51 and z?
51
Suppose 1323 = q - h - 3*h, 0 = -2*q + 2*h + 2664. Calculate the highest common divisor of q and 30.
15
Let g be ((-8)/6)/((-1)/(-12)). Let a = -8 - g. Let c = -1157 + 1245. What is the greatest common divisor of a and c?
8
Let t = 31 - 31. Let i = 8 + t. Let q(v) = -2*v + 24. Let l be q(i). What is the highest common divisor of l and 32?
8
Let n = -1760 - -1809. Calculate the greatest common factor of n and 2.
1
Let w(h) = h - 10. Let m be 11 - 8 - 11*1. Let j be w(m). Let z = 4 - j. Calculate the greatest common divisor of 33 and z.
11
Suppose -176 = -27*l + 472. Let v(x) = -x**2 + 11*x - 6. Let w be v(8). What is the greatest common divisor of l and w?
6
Let n(m) = 9*m - 64. Let b be n(8). Suppose -5*x = -159 - 1. What is the greatest common factor of x and b?
8
Let v(y) = -14*y + 10. Let b be v(-11). Suppose -6*x - 21 + 9 = 0. Let i be 0 + 3 + x + b. Calculate the greatest common factor of i and 15.
15
Let i(p) = p**3 + 2*p**2 + p - 1. Let a be i(-2). Let w be a*((-24)/9 - -1). Let h = 34 + -14. What is the greatest common divisor of h and w?
5
Let r = 0 + 7. Let o = r + -11. Let a be (o/(-3))/(6/9). What is the greatest common divisor of a and 3?
1
Let c be (-6)/(-10) - (-6 + 56/10). Let j be (4/(-12))/(2/(-36)) + c. What is the highest common divisor of j and 21?
7
Let x be (-1)/(-2*(-1)/(-10)). Let s(q) = -q**2 + 6*q - 6. Let d be s(x). Let y be 58/(-4)*(d + -1). What is the greatest common factor of y and 58?
29
Suppose -2*b + 8 = 0, 3*b + 19 = 3*z + 4*b. Suppose -z*v = -5*u - 55 - 20, -3*u = 0. Calculate the greatest common divisor of v and 5.
5
Suppose -4*w + 24*u + 1564 = 20*u, 2*w = -5*u + 782. Calculate the greatest common divisor of w and 23.
23
Let k = 15 - -84. Let r be 14 - 270/70 - 6/(-7). What is the greatest common factor of k and r?
11
Suppose 0 = -3*g + 17*g - 2100. Suppose -w + 55 = r, -2*w = 4*r - 86 - 14. What is the highest common factor of w and g?
30
Let z be (-24)/(-18)*39/(-2). Let o = 28 + z. What is the highest common divisor of 2 and o?
2
Let v be 30/240 + (-350)/(-16). What is the highest common factor of 44 and v?
22
Let p be ((-6)/(-7))/((-1)/(-56)). Let u = p - 39. Calculate the greatest common divisor of u and 72.
9
Let p be 72 + ((-16)/2)/(-4) - -4. What is the highest common divisor of 26 and p?
26
Let r(y) = y + 23. Let w be r(-10). Let d = 37 - -80. What is the greatest common divisor of w and d?
13
Suppose -f + 2*f = 11. Let a(s) = -788*s + 1587. Let k be a(2). Calculate the highest common divisor of f and k.
11
Suppose -3*g - g - p = -33, 2*p + 11 = 3*g. Suppose -5*t + 28 = -g. Calculate the greatest common divisor of t and 14.
7
Let i be (1068/(-4) - -4) + -3. Let q = -185 - i. What is the highest common divisor of q and 9?
9
Suppose 3*b - 4*h = 353, -5*h + 238 = 2*b + 18. Calculate the highest common factor of b and 2645.
115
Let t(h) = -14*h - 26. Let f be t(-2). What is the greatest common factor of f and 26?
2
Let i be (-2)/(-7) - (-248)/14. Let z be (9 - -7)*14/4. Let c = 70 + z. Calculate the greatest common divisor of c and i.
18
Suppose -2*x + 4*x - 753 = -g, -4*x + 1521 = 5*g. What is the greatest common factor of x and 34?
34
Let r = -2 - -4. Let w be ((r - 0) + -3)*3. Let q be 15 - -6*w/6. Calculate the highest common factor of q and 18.
6
Let a be -6 + 6 - (1 - 43 - -2). Let m = 14 + -4. What is the highest common factor of m and a?
10
Let g be (0*(-8)/(-48))/(1*2). Suppose 4*r - 3*t - 2*t - 122 = 0, g = -t - 2. Calculate the highest common divisor of 7 and r.
7
Let c(m) = -8*m - 79. Let s be c(-10). What is the greatest common factor of 1 and s?
1
Suppose 3*s - 82 = y, 4*s - 5*y - 59 = 2*s. Let d be 2424/s + (-2)/(-9). Calculate the highest common factor of d and 10.
10
Suppose 4*h = -4*a + 508, -a - 162 = -5*h + 503. Calculate the highest common factor of h and 12.
12
Let o(p) = -11*p + 2. Let k be (-4 + 3)/((-1)/(-3)). Let x be o(k). What is the greatest common factor of 5 and x?
5
Suppose -j = -4*j + 576. Let n(v) = -2*v - 4. Let c be n(-3). Let z be 4/c - (-5)/((-5)/(-22)). Calculate the greatest common divisor of z and j.
24
Let c = -3370 - -3383. Let q(l) = -l**2 + 15*l + 9. Let g be q(7). Calculate the greatest common divisor of g and c.
13
Let y(p) = 40 - 2 + 18 + p**3 + 2*p**2 - 198*p + 196*p. Let a be y(0). Calculate the greatest common divisor of 14 and a.
14
Let l(j) = 17*j**3 + 2*j**2 - j + 2. Let a be ((-12)/(-8))/(0 + (-6)/(-8)). Let b be l(a). What is the greatest common factor of b and 16?
16
Let q(v) = 14*v - 7. Let u be 6/27 + 29/(-9). Let p be q(u). Let z = 154 + p. Calculate the highest common divisor of 21 and z.
21
Let y(r) = r**2 - 32*r + 80. Let m be y(32). Calculate the highest common factor of 180 and m.
20
Suppose 4*d + 8 = 56. Suppose -68 - 268 = -4*x. What is the highest common divisor of d and x?
12
Suppose 88 = 3*w + 5*r, -6*r + 132 = 5*w - 5*r. Calculate the highest common divisor of w and 416.
26
Suppose 2*g - 40 = -2*c, -2*c + g + 42 = 4*g. What is the greatest common divisor of c and 18?
18
Suppose 82*t = -18*t + 6100. What is the highest common divisor of 5 and t?
1
Let j be (3 + -4)/(10/(-1000)). What is the highest common divisor of j and 140?
20
Suppose 3*h - 2*x = -x - 49, -15 = 3*x. Let j = -16 - h. Suppose -u - 3*s + 27 = 0, s + j = u - s. Calculate the highest common factor of 132 and u.
12
Let h(c) = 3*c**2 - 21*c - 59. Let s be h(-6). Calculate the greatest common factor of 105 and s.
35
Suppose 3*c + 37 + 14 = 3*r, 4*r - 70 = 5*c. What is the highest common divisor of 555 and r?
15
Let v be 10*(-4 - -7)/(-3). Let m be 423/45 + (-6)/v. Let w = 11 - m. Calculate the greatest common factor of 4 and w.
1
Suppose 4*o + 332 = -o + y, -3*y + 58 = -o. Let l = o - -77. What is the highest common factor of 10 and l?
10
Let d = -1381 + 1948. Calculate the highest common divisor of 162 and d.
81
Suppose 5*s - 94 = 56. Suppose -c = -6*c + s. Calculate the highest common divisor of c and 6.
6
Suppose -19*w + 22*w = 768. What is the greatest common factor of w and 16?
16
Let z(a) = a**2 - a + 5. Let y be z(0). Let x(w) = -3*w - 33. Let o be x(-11). Suppose -y*u + 3*u + 6 = o. Calculate the greatest common factor of u and 12.
3
Let p be (-1)/(-1) + 1 - -53. Let f = p + -33. Let a be (3 + 4 - 8) + 168/3. What is the greatest common divisor of a and f?
11
Let z = 367 - 187. Let y = 0 + 5. Let m be (-294)/(-15) - (-2)/y. Calculate the highest common divisor of z and m.
20
Let q be 2/(-6) + (-40)/(-12). Suppose q*h + 16 - 37 = 0. Let z be 15 - ((-11)/(-44) + 3/4). What is the greatest common divisor of z and h?
7
Suppose 2*a + 5 = 1, -2*a = -5*m - 26. Let z be (3/m)/(241/(-120) - -2). Calculate the highest common factor of z and 24.
12
Let a be 2/(-8) - 34/(-8). Let t(g) = 5*g**2 + 235*g + 246. Let o be t(-46). Calculate the highest common divisor of a and o.
4
Let j(w) = -41*w - 9. Let a(g) = 81*g + 17. Let p(v) = 2*a(v) + 5*j(v). Let i be p(-2). What is the greatest common divisor of 25 and i?
25
Let p(w) be the first derivative of -w**4/4 + 7*w**3/3 + w**2/2 - 2*w + 5. Let g be p(7). Suppose 28 = g*s - 32. What is the highest common factor of s and 72?
12
Let m = 244 - 222. Calculate the greatest common divisor of m and 198.
22
Let p(n) = n**2 + 2*n - 5. Suppose 0 = -5*q + 64 - 99. Let f be p(q). What is the greatest common divisor of 210 and f?
30
Let y be (-6)/(-1)*(-3)/(-2). What is the highest common divisor of 423 and y?
9
Let y = 36 + -50. Let q(u) be the third derivative of u**5/60 + 5*u**4/8 + 10*u**3/3 + 5*u**2. Let h be q(y). What is the highest common divisor of 48 and h?
6
Let t = 34 + -32. Suppose -t*k - k = -18. What is the highest common factor of k and 96?
6
Let g be (-828)/(-7) - 4/14. Let o(d) = 5*d - 431. Let k be o(98). Calculate the greatest common factor of k and g.
59
Suppose -2*f = -5*g + 3*f + 300, 0 = 5*g + 3*f - 268. What is the highest common divisor of 168 and g?
56
Let f = -58 - -88. Let i(p) be the third derivative of p**5/60 + p**4/8 - p**3 - 8*p**2